*x(n). Give w(2).
-2
Let f(q) = 4*q - 50. Let r be ((-48)/44)/(24/(-132)). Calculate f(r).
-26
Let w(g) = 3*g + 1. Suppose -z - 5*j + 0*j + 53 = 0, 3*j = -9. Suppose 5*v - 311 = 4*u, 3*u - 2*v + 97 = -131. Let y = u + z. What is w(y)?
-17
Let n(p) = p**2 + 5*p - 2. Suppose s + 63 = -5. Let z = s + 89. Suppose -z*q = -8*q - 39. Give n(q).
22
Let o(r) = -6*r - 261. Let f(x) = -2*x - 93. Let g(h) = 17*f(h) - 6*o(h). Calculate g(10).
5
Suppose 13 = 15*w - 18*w - 5*l, 0 = -4*w - 3*l - 10. Let i(s) = 5*s**2 + 2*s. Determine i(w).
3
Let x(f) = 3*f**2 - 5*f - 35. Let i be x(7). Let l = 80 - i. Suppose 10*s = 5*s - l*h + 26, -4*s = 4*h - 24. Let r(t) = -t - 1. Calculate r(s).
-5
Suppose 2*d + 3*d - 30 = 0. Suppose -3*h = -4*y - 6, 4*h - 7*h - y = -d. Let q(o) = -3*o**2 - 4*o + 6 + o**h + o**2. Determine q(-6).
-6
Suppose -4*o - 38 = -2*z, 117*z + 1 = 116*z - 3*o. Let g(w) = w - 8. Let q = -4 + 6. Let j(u) = -6*u + 41. Let h(k) = q*j(k) + z*g(k). What is h(-5)?
-1
Let f(w) = w - 15. Suppose -2*z = -0*z - 122. Let y(j) = -2*j**3 - j - 49. Let n be y(0). Let l = z + n. What is f(l)?
-3
Suppose 0 = -4*i + 2*r + 2 + 20, i + 2*r = 13. Let j(w) = 140 - 145 + 16*w - i*w. What is j(-4)?
-41
Let b(o) be the first derivative of -7*o**3/6 + 3*o**2 + 83*o + 50. Let t(u) be the first derivative of b(u). What is t(4)?
-22
Suppose -1522*y = -1590*y. Let r(o) be the second derivative of 5/6*o**3 - 26*o + y - 3/2*o**2. Determine r(3).
12
Suppose 1830*h = 1818*h + 48. Let g be -1*(-6)/2 + -1. Let m(z) = -2*z**g + 7*z**2 - 1 + 2*z - 6*z**2 + 3. Calculate m(h).
-6
Let s(o) = -o**2 + 13*o + 4. Let d be 0 + (4 - -24) - 13. Determine s(d).
-26
Let d(p) = 41*p - 33. Let s(l) = -71*l + 64. Let v(a) = -7*d(a) - 4*s(a). Give v(-10).
5
Let s(n) = n + 3. Let g be s(-8). Let j(z) = 6*z + 5*z - z**2 - 4*z - 4*z + 2*z**2. Calculate j(g).
10
Let c(q) = 6*q - 9*q + 5*q - 13 + 0*q. Calculate c(-15).
-43
Let y = 46 - 43. Suppose 0*a = y*a - 9. Suppose -3*g = -6*g - a. Let u(x) = 7*x - 1. Determine u(g).
-8
Let k = -62 + 192. Let q = 195 - k. Let f = q + -63. Let b(s) = -3*s + 1. Determine b(f).
-5
Let q(x) = -x**3 + 11*x**2 + 27*x - 18. Suppose 35 = 2*a + 5*v - 11, -5*a + 5*v + 45 = 0. Calculate q(a).
-5
Let p be 36/(-126) + -1 + (-60)/(-14). Let d(i) = i - i**p + 15 + 0 - 25. Give d(0).
-10
Suppose 6*x = -3*x + 7*x. Let m(g) be the third derivative of -2/3*g**3 + 1/60*g**5 + x*g - 14*g**2 - 1/6*g**4 + 0. What is m(4)?
-4
Let d(j) = 7*j**3 - j**2 - 2*j - 1. Suppose 150 - 236 = 86*k. What is d(k)?
-7
Let o be (3/24*-74)/((-3)/(-12)). Let s = 42 + o. Suppose 4*w = -s*w - 54. Let b(c) = c**2 + 6*c + 9. What is b(w)?
9
Let a(f) = -2*f - 3. Let w(p) = -p - 1. Let l(b) = -2*a(b) + 5*w(b). Let x(g) = 2*g + 6. Let n(m) = 6*l(m) - x(m). Let v be -1*-3*(-3)/9. Determine n(v).
8
Let f(s) = -5 - 6*s + 12*s - 5*s + 20. Let i = -99 - -135. Suppose -25*u - i = -21*u. What is f(u)?
6
Suppose 0 = 4*o - 2*g - 54, 0*g + 2*g = -10. Let j(i) = i**3 - 10*i**2 - 7*i + 1. Give j(o).
45
Suppose -154*d = -146*d + 8. Let z(h) = 11*h - 3. What is z(d)?
-14
Let x = 2223 - 2219. Let m = 2 - 0. Let i(w) = -w - 4*w**2 + 4*w - 2 - w**m + 4*w**2. What is i(x)?
-6
Let j(n) = -2*n**2 - 68*n + 6. Let v be j(-34). Let m(w) = -w**3 + 5*w**2 + 8*w + 2. Give m(v).
14
Let k be 0 + (-1 - -2) - -3. Let t(a) = -13*a + 53. Let g(n) = 6*n - 24. Let w(v) = -9*g(v) - 4*t(v). Calculate w(k).
-4
Let p(l) be the third derivative of l**6/360 + l**5/20 + l**4/6 + 23*l**3/2 - 2*l**2. Let h(z) be the first derivative of p(z). Determine h(-5).
-1
Let i(c) = 12 - 20 - c**3 + 8*c**2 + 2*c**3 - 14 - 12*c. Let k be i(-9). Let m(u) = -u**2 + 9*u - 12. Calculate m(k).
8
Let h(m) = -6*m**2 - 32*m - 15. Let f = 799 - 804. Calculate h(f).
-5
Let o(v) be the second derivative of -v**7/2520 + 7*v**6/720 - v**5/24 - 59*v**4/4 - v - 104. Let x(l) be the third derivative of o(l). What is x(5)?
5
Suppose h - 6*h - 30 = 0. Let k(m) = 7*m**2 - 3*m - 10. Let p(r) = -9*r**2 + 2*r + 11. Let z(b) = 5*k(b) + 4*p(b). Give z(h).
0
Suppose -3*n + 2 - 3 = -5*l, -l = 2*n - 8. Suppose -12*t + 22 + l = 0. Let w(c) = -4*c - c**2 + 8*c**3 + t*c**3 - 9*c**3 + 3. Give w(3).
9
Let n(f) = -f**2 - 4*f - 4. Suppose -13 - 8 = 7*y. Let t(g) = -2*g**2 - 4*g - 4. Let l(r) = y*n(r) + 2*t(r). Give l(5).
-1
Suppose 67*k - 13*k - 594 = 0. Suppose 13*u - 8 = k*u. Let y(g) be the third derivative of -g**5/30 + 5*g**4/24 + g**3/6 + g**2. Give y(u).
-11
Let x(k) = 9*k**3 - 3*k**2 + 6*k - 1. Let i(p) = 13*p**3 - 2*p**2 + 6*p. Let f(c) = 2*i(c) - 3*x(c). Calculate f(4).
-5
Let s(j) = j**3 + 3*j**2 - 14*j - 30. Let u be s(-3). Let t(h) be the second derivative of h**3/6 - 13*h**2/2 + 2*h - 63. Give t(u).
-1
Let f be (-5 - 1) + (-2)/(-2 - 40/(-22)). Let c(a) be the second derivative of a**5/20 - a**4/2 + a**3 - 7*a**2/2 + a. Determine c(f).
-2
Suppose 0 = g - 4*h + 5, 3*g - h + 5*h - 17 = 0. Let c(t) = 3*t**3 - 27*t + 2 + 26*t + 0 + t**g - 3*t**3. Give c(2).
8
Let o(d) = -d**2 + 44*d + 413. Let s be o(-8). Let p(b) = -b**3 - b**2 - 3*b - 10. What is p(s)?
17
Let u(d) = -d + 4. Let n(o) = 3*o - 9. Let l(y) = 4*n(y) + 11*u(y). Let f(w) = -4*w - 8. Let i be f(-1). Determine l(i).
4
Let o(p) = p**2 - 8*p + 20. Let t = -6821 + 6825. Determine o(t).
4
Let w(o) be the first derivative of 1/2*o**2 + 1 - o - 1/3*o**3 - 3/4*o**4. Let u = 2460301 - 2460300. Calculate w(u).
-4
Let v(h) = 2 + 14 + 0*h + h. Let y be (3096/(-1290))/(24/140). Calculate v(y).
2
Let t be (-4)/22 + 9/((-396)/(-8)). Suppose 8*z - 19 - 29 = t. Let x(r) be the first derivative of -r**4/4 + 7*r**3/3 - 4*r**2 + 4*r + 7. Calculate x(z).
-8
Let h(g) = -2*g**2 + 50*g + 112. Let t be h(27). Let j(p) be the second derivative of -p**5/20 + 5*p**4/12 - 5*p**3/6 + 9*p**2/2 - 14*p. Calculate j(t).
5
Let d(c) = 5*c - 12 - 3*c - 18 + 40 - 6*c. Determine d(12).
-38
Let y = 2 + -1. Let l(a) be the third derivative of -a**2 - 1/6*a**3 + 11 + 7/24*a**4 + 0*a. What is l(y)?
6
Let f be ((-460)/(-207))/(8/(-36)). Let m(v) = -v**3 - 12*v**2 - 27*v - 58. Determine m(f).
12
Let d(q) = 23*q**2 - 30*q - 11. Let c(y) = 6*y**2 - 8*y - 3. Let u(k) = 19*c(k) - 5*d(k). Calculate u(-2).
-2
Suppose 2*r = 3*b - 39, 2*r = -b - 9 + 14. Let i(g) = g**2 - 8*g - 37. Calculate i(b).
-4
Let j(v) = 3*v - 1. Let p(n) = 6*n + 112. Let r be p(-18). Suppose 4*l + 12 = -r*q, -2*q - 18 = -4*l - 0*l. Determine j(l).
5
Let c(l) be the second derivative of -15/2*l**2 + 3 - 10*l - 1/6*l**3. What is c(-10)?
-5
Let i be (-5 + 5)*29/(-58). Let y(n) = n**2 - n + 34. Calculate y(i).
34
Let g(t) = t**2 + 4*t + 4. Suppose -14*n - 4*u = -11*n + 9, 0 = u. Suppose 4*y + 3*j - 20 = 0, j + 3 - 7 = 0. Let a be (-1 - -4)/n - y. Determine g(a).
1
Let x(b) = -3*b**3 - 26*b**2 - 16*b - 5. Let v be x(-8). Let z(a) = -a**2 - a. Let o(p) = p**3 - 3*p**2 + 8*p - 6. Let t(j) = v*z(j) - o(j). Determine t(8).
-18
Let s(w) = -w**3 - 8*w**2 + 8*w - 17. Let t be s(-9). Let g(o) be the first derivative of -o**4/4 - 8*o**3/3 - 3*o + 121. Calculate g(t).
-3
Let u(y) = -8*y**2 - 6*y + 20. Let v be u(5). Let c be (-168)/v*(1 + 6/4). Let s(f) = -12*f + 8. Let p(b) = -3*b + 2. Let n(m) = 9*p(m) - 2*s(m). Give n(c).
-4
Suppose 350 = -11*j + 350. Let h(a) be the second derivative of -11*a + 0 + 1/6*a**3 + 2*a**2 + 1/12*a**4. Give h(j).
4
Let m(k) be the first derivative of 1/12*k**4 + 0*k + 8 + 0*k**2 - 4*k**3 + 1/60*k**5. Let z(t) be the third derivative of m(t). Determine z(-4).
-6
Let b(v) = v - 33217 - 32859 + 66074. Let g be (-1*2)/((-2)/9). Determine b(g).
7
Let p(w) = 4*w + 3. Let h = 38 + -44. Let m be (-96)/(-44) - h/(-33). Suppose 3*n - 7 = l, -2*l = l - m*n + 14. What is p(l)?
-13
Let q be 79 + -109 + -5*-1*(3 + -2). Let a(y) = y**3 + 26*y**2 + 22*y - 53. Give a(q).
22
Let i(c) = -8*c**2 + 11*c**2 + 6 + 16 - 10*c**3 - 7 + 11*c**3 + 8*c. Calculate i(-3).
-9
Let k(z) be the third derivative of -z**6/120 + z**4/24 - z**3 - 1090*z**2. Give k(-3).
18
Suppose 5*g = 3*x - 0*x - 8, 7 = -3*g + 4*x. Let m = g - -7. Let y(z) be the second derivative of z**3/6 - 7*z**2/2 - 2741*z. What is y(m)?
-1
Let q be -1 + 21/27 - 416/72. Let g(n) = -4*n**2 - 2*n - 7. Let w(m) = -7*m**2 - 6*m - 12. Let x(i) = -5*g(i) + 3*w(i). What is x(q)?
11
Suppose 25*c + 229 - 240 + 411 = 0. Let f(q) = q**3 + 16*q**2 - 12*q - 176. Give f(c)